ommon factor of 2 and f?
2
Let q = -7 + 10. Suppose 58 - 190 = -4*d. What is the greatest common factor of d and q?
3
Let s = -144 - -146. What is the greatest common divisor of 38 and s?
2
Suppose -3*d = -0*d - 660. Calculate the highest common factor of 20 and d.
20
Let d be ((-14)/8)/(4/16). Let o = d + 13. Let c be 0 - (-29 - (-1 + 2)). Calculate the highest common factor of o and c.
6
Let r be (6 - (-3 - -2)) + 0. Calculate the highest common factor of r and 77.
7
Let i = -5 - -8. Let s = -53 - -86. Calculate the highest common divisor of s and i.
3
Let b(m) = 64*m**2 - m - 2. Let k be b(-1). Calculate the highest common divisor of 9 and k.
9
Let u = 8 - 17. Let z be (u/(-18))/(1/4). Calculate the greatest common factor of z and 6.
2
Suppose -3*a + 5*m - 75 = -8*a, -11 = -a - 5*m. Calculate the highest common divisor of 56 and a.
8
Let l = 2 + -2. Let o be 8 - (0 + -1 + l). Let q = -5 + o. What is the highest common divisor of 32 and q?
4
Let u be (-6)/(0 - 3/48). Let r = 17 + -5. What is the greatest common factor of r and u?
12
Let k be (-2635)/(-15) + (-1)/(-3). Let s = k + -123. Let c = s - 31. What is the highest common divisor of c and 44?
22
Let a(g) = g**3 - 12*g**2 - 11*g - 10. Let b be a(13). Let m be 31 - (0 + (-3 - -2)). What is the highest common factor of m and b?
16
Suppose 0 = -3*i - 11 + 35. What is the greatest common divisor of i and 32?
8
Let v be 8/(-3)*15/(-2). Let n be 3 - (-1 + 1 - 1). What is the highest common factor of n and v?
4
Let i be (16 - (-1 + -1)) + 3. Suppose -2*q - q = -i. Calculate the highest common divisor of q and 14.
7
Let p be 7/2*(-120)/(-35). What is the highest common divisor of 108 and p?
12
Suppose -5*g - 27 = -q, 83 + 2 = 4*q + 3*g. Suppose -2 = -6*y + q. What is the greatest common factor of 6 and y?
2
Suppose 2*k = -2*k + 8. Suppose l = -4*v + 18, v + 4 = l + 1. What is the greatest common factor of k and l?
2
Let w = 1 - 1. Suppose 3*f + 7 - 28 = w. Suppose -o = -4 + 3. What is the greatest common factor of f and o?
1
Let n = -1 - -2. Let w = n - -12. Calculate the highest common factor of 143 and w.
13
Suppose 0 = -0*y + 4*y - 80. Let u = 156 - 106. Calculate the greatest common factor of u and y.
10
Suppose -5*r = -10*r + 20, 24 = -4*p + 5*r. Let h be 6*6 - 0 - p. Suppose 3*w = 3*f + 54, -5*w + 37 = -f - h. Calculate the greatest common factor of w and 70.
14
Let y be (26/6)/((-1)/(-9)). Suppose 0 = f - 4*f + y. Let h(s) = 4*s**2 + 37*s + 22. Let l be h(-9). Calculate the highest common factor of l and f.
13
Let v(p) = -p**3 + 30*p**2 - 28*p - 6. Let m be v(29). What is the highest common factor of m and 115?
23
Suppose 96 = s - 4. Let a = s - -92. Suppose -h + y = -48, 4*h + 4*y + 0*y = a. What is the highest common factor of h and 6?
6
Suppose 28 = -0*c + 4*c. What is the highest common factor of 49 and c?
7
Suppose 3*a - 32 = 2*y, -4*y - y + 20 = 5*a. What is the greatest common factor of 64 and a?
8
Suppose 0 = -4*o + 120 + 344. Let u = 186 - o. Calculate the greatest common factor of 28 and u.
14
Let u = 22 - 13. Calculate the highest common factor of 72 and u.
9
Let x be 43 - 0 - (-2)/(-2). Let v(j) = -j**3 + 25*j**2 - 22*j - 20. Let g be v(24). Calculate the greatest common factor of x and g.
14
Let p be 4/1*117/2. Let y = 14 - 12. Suppose y*b - 5*b = -p. Calculate the greatest common divisor of b and 13.
13
Let i(q) = 2*q - 7. Let l be i(7). Let w = l - -3. Let d be 2 - (2/(-2) - 22). Calculate the highest common divisor of d and w.
5
Let l be (-956)/(-10) - (-12)/30*1. Calculate the greatest common divisor of l and 48.
48
Let b = 3 - -2. Let s(y) = 12*y. Let g be s(b). What is the highest common divisor of g and 15?
15
Suppose -i + 17 = 4*d, 0 = -5*i + 4*i + 1. Suppose d*v + 225 = 5*n, 4*n - 180 = -0*n + 5*v. What is the highest common divisor of n and 5?
5
Let t(g) = 6*g**2 + 6*g - 12. Let m be t(6). What is the greatest common divisor of 30 and m?
30
Let t be (4/(-3))/(((-56)/12)/7). Suppose -2*j = -0*j - 16. What is the highest common factor of j and t?
2
Suppose 4*r - 2*r + 2 = 0, -3*r + 173 = 2*o. Let s = 11 - 3. Calculate the greatest common divisor of o and s.
8
Let m = 95 - 53. Calculate the highest common divisor of m and 105.
21
Let z = -18 - -19. Calculate the highest common factor of z and 8.
1
Suppose -2*x = 5*p - 139, 5*x + 17 = p - 0*p. Let i(a) = a**2 - 7*a + 9. Let d be i(7). Calculate the highest common divisor of d and p.
9
Let x(q) = -10*q**3 - q**2 - q - 1. Let v be x(-1). Let k be 8/((-96)/18)*-2. What is the highest common factor of k and v?
3
Let h(p) be the second derivative of p**3/6 + 7*p**2 + 2*p. Let w be h(-6). What is the highest common divisor of w and 8?
8
Let n(j) = -j + 9. Let o = -8 + 14. Let c be n(o). Suppose -4*h = -c*h - 8. Calculate the highest common divisor of h and 8.
8
Suppose 5*b - 105 = -5*h, -3*b + 4*b = 2*h - 42. Calculate the highest common divisor of h and 3.
3
Suppose -10*z + 43 = -117. Calculate the highest common divisor of 4 and z.
4
Let t be (600/42)/((-2)/(-7)). What is the greatest common factor of t and 25?
25
Let w = -33 + 41. Let r(x) = -x**3 - 5*x**2 + x + 6. Let z be r(-5). Calculate the greatest common divisor of z and w.
1
Suppose -b = 5*c - 10, -2*b - 2*c + 6*c - 8 = 0. Suppose -z + 8 = -b*z. What is the greatest common divisor of z and 24?
8
Let a be 0/(-2 + 3/3). Let x be -4*((-2)/4 + a). Let d be 27 + x + -2 - -1. Calculate the greatest common factor of 14 and d.
14
Suppose 0 = 5*v - 0 - 10, 4*v - 34 = -2*x. Let j be -4 + 7 - -14*14/4. Calculate the highest common factor of x and j.
13
Suppose 0 = s - 0*s - 137. Suppose 0 = y + 4*a - 141, -4*a - s = -5*y + 448. Calculate the highest common divisor of 11 and y.
11
Let z be (0 - -35) + (3/1 - 3). What is the greatest common factor of z and 35?
35
Let o = -5 - -6. Let m be o - 2 - (-3 - 2). Suppose -19 = -3*l - m. Calculate the greatest common factor of l and 25.
5
Let h be (-14)/(-2)*(-9 + 10). Let c(v) = v + 4. Suppose 0 = -j - 0*j + 3. Let s be c(j). What is the highest common divisor of h and s?
7
Let a(t) = -6*t**2 - 5*t + 7*t**2 + t. Let n be a(5). Let h = n + 5. What is the highest common divisor of h and 15?
5
Let i be 456/78 - 6 - (-3748)/26. What is the greatest common divisor of i and 36?
36
Let k(g) = 30*g**2 + 1. Let v be k(1). Let q = v + -15. What is the highest common divisor of 80 and q?
16
Suppose 0 = -34*c + 28*c + 108. Calculate the greatest common divisor of c and 6.
6
Let y(t) = 5*t**3 - t. Let z be y(1). Let l = z + -6. Let v be 1*-10*1*l. Calculate the greatest common divisor of v and 5.
5
Let b(d) = -d**3 - 12*d**2 - 9*d + 15. Let i be b(-11). Let l = -5 - i. Let m be 130/8 - 2/8. Calculate the highest common divisor of m and l.
2
Let k be (18/(-10))/(6/(-20)). What is the highest common factor of k and 42?
6
Let w(t) = t**3 + 10*t**2 + 3*t - 8. Let k be w(-9). Let g = 70 - k. Calculate the greatest common divisor of g and 24.
24
Let r(c) = -2*c - 7. Let g be r(-5). Let m(z) = -z**2 + 7*z - 2. Let j be m(g). What is the highest common factor of 90 and j?
10
Suppose -36 + 7 = -f - t, -5*f = 2*t - 133. Let w(u) = u**2 + 3*u - 8. Let a be w(-6). Calculate the highest common factor of f and a.
5
Let l be (12/10)/(2/5). Let c be (-40)/l*6/(-1). Calculate the highest common factor of c and 10.
10
Suppose 0 = 2*s + 4*v - 40, -3*s + 75 = 4*v - 3*v. Suppose -18 = -2*m + 60. What is the highest common divisor of s and m?
13
Let o(p) = -11*p - 1. Let b = -4 - -2. Let q be o(b). Calculate the greatest common factor of 14 and q.
7
Let l(a) = 5*a - 12. Let o be l(6). What is the greatest common divisor of o and 18?
18
Suppose 4*a + 32 = 8. Let p(t) be the third derivative of -t**4/6 - 3*t**3/2 + t**2. Let z be p(a). What is the greatest common factor of 105 and z?
15
Suppose 4*k = 10*k - 18. Calculate the highest common divisor of 9 and k.
3
Let i be (4/(-8))/(1/(-60)). Suppose -s = s - i. Suppose 0 = -o + y + 15, 3*o - 2*o + 5*y = -s. Calculate the highest common factor of o and 25.
5
Suppose 0*f = 3*f + s - 41, 4*f = 4*s + 60. Let i(o) = 58*o**2 - 1. Let u be i(1). Let t = u + -22. Calculate the highest common divisor of f and t.
7
Let y = -134 - -140. What is the highest common factor of 48 and y?
6
Suppose 0 = -8*q + 112 - 40. Suppose 6 = 3*f